What are the prime factors of (-8)/6*p/10?
2, 17
List the prime factors of 28*(-7 + 1 + 189 - 1).
2, 7, 13
Let w(f) = -18*f**2 - 3*f + 2. Let h be w(-2). Let m = 120 + h. Suppose -89 = -5*x + m. What are the prime factors of x?
29
Suppose 12 = 2*d + 4*d. Suppose -4*g = 4*m - 216, 2*m - 164 = -3*g - d*m. List the prime factors of g.
2, 13
Let m = -2369 + 4183. What are the prime factors of m?
2, 907
Suppose 28*c = -26*c + 54. Suppose -3*f + o + 1 = 9, f - 5*o + 12 = 0. List the prime factors of c*(37 - (4 + f)).
5, 7
Suppose -7*m + 11*m - 3728 = 0. List the prime factors of m.
2, 233
Let u = -1867 - -3375. What are the prime factors of u?
2, 13, 29
Let r = -351 + 1127. What are the prime factors of r?
2, 97
What are the prime factors of ((-39)/(-260)*25)/(6/992)?
2, 5, 31
Suppose -16 = 2*t - 0. Let o = 9 + t. What are the prime factors of 404/20 - o/5?
2, 5
Suppose 3*z - 3 = -12, 4*z = -4*r + 248. Suppose 2*u = 105 + r. What are the prime factors of u?
5, 17
Let v(m) = m**3 - 15*m**2 + 24*m - 36. What are the prime factors of v(17)?
2, 5, 19
Let s = -58 + 58. Suppose -8*q + 67 + 477 = s. What are the prime factors of q?
2, 17
Let z(o) = -47*o + 93. What are the prime factors of z(-6)?
3, 5
Suppose 5*l = p + 14654, 0 = l - 5*p - 655 - 2295. List the prime factors of l.
2, 5, 293
Suppose 0*f - 2*y - 2343 = -3*f, 0 = 5*f + 3*y - 3924. What are the prime factors of f?
3, 29
Suppose -m - 1798 = -4*m + 5*f, -5*f = 3*m - 1748. List the prime factors of m.
3, 197
Let m = -1246 + 2869. What are the prime factors of m?
3, 541
What are the prime factors of (1 + (-789)/12)/((-1)/8)?
2, 7, 37
Let k = -4 + -29. Let r = k + 66. Suppose 0 = 5*g - r - 42. What are the prime factors of g?
3, 5
Suppose 1356 = 5*h - 2*q + 243, -5*q = 3*h - 674. What are the prime factors of h?
223
What are the prime factors of (6/4)/(((-98)/18312)/(-7))?
2, 3, 109
Suppose -5*g + 30 - 35 = 0. What are the prime factors of (g/2)/(7/(-406))?
29
What are the prime factors of (542 - 2)/((-42)/(-28))?
2, 3, 5
Suppose -2*x = 6, 0 = -4*z + z + x + 141. Suppose z = m + 8. List the prime factors of m.
2, 19
Let q(c) be the third derivative of -3*c**4/4 - c**3/6 + 12*c**2. Let n be q(-2). Suppose 3*m - n = 2*m. What are the prime factors of m?
5, 7
Let d be 2/7 + (-592)/14. Let x be 9/((d/(-44))/(-7)). Let h = -40 - x. What are the prime factors of h?
2, 13
Let m(u) = u**2 - 6*u - 2. Let p be m(5). Let q = -9 - p. What are the prime factors of q/(-11) - 196/(-11)?
2, 3
Suppose -4*d - 3*t + 75 = -d, 0 = -d - 2*t + 25. Suppose -21*f - 456 = -d*f. List the prime factors of f.
2, 3, 19
Suppose 464 = 2*p - 0*p. Let i = -136 + p. Suppose 0 = 4*f - 3*r + i - 271, 5*f - 5*r = 225. What are the prime factors of f?
2, 5
Let b(f) = 7*f**2 - 20*f + 1. Let n(u) = -13*u**2 + 39*u - 1. Let t(m) = 11*b(m) + 6*n(m). Let x be t(15). What are the prime factors of 5/(x/(-12)) - -1?
7
Let o = 15 - 9. Suppose o*g - g - 20 = 0. Suppose -l + 7 = -g*m, 2*l - 3*m + m - 32 = 0. List the prime factors of l.
19
Suppose 17*p = -18*p + 26985. List the prime factors of p.
3, 257
Let w(h) = -3*h**2 + 29*h + 14. Let r be w(10). Suppose 0 = -r*f + 568 + 128. List the prime factors of f.
2, 3, 29
Suppose 3*o - 5*d = 239, 0*o + 2*d - 388 = -5*o. Let i be (-1 - -1)/(14 + -17). Suppose 2*r + i*r = o. What are the prime factors of r?
3, 13
Suppose 1005 = -5*j + 6*j. List the prime factors of j.
3, 5, 67
Suppose -u + 22 = 4*z, -2*z = z. Suppose -2*c = -f + u, -8 = 4*c + f + 42. List the prime factors of ((-40)/c)/(4/36).
2, 3, 5
Let x = -18 - -10. Let l = 8 + x. Suppose w - 4 + 1 = l. List the prime factors of w.
3
Let b(i) = 2*i + 2*i**2 - i + i - i**2 + 1. Let t be b(-3). Let w = t - -13. What are the prime factors of w?
17
Let g(h) be the first derivative of -13*h**2/2 - 8*h + 4. Let w be g(-4). Suppose 2*c - w = -2*i, -2*c = 3*c + i - 98. List the prime factors of c.
19
Suppose 14*a - 10648 = 3*a. List the prime factors of a.
2, 11
Suppose 0 = 3*c + x + 77, -4*c - 33*x + 34*x - 98 = 0. Let f = -73 - -118. Let s = f + c. List the prime factors of s.
2, 5
Suppose -5*q + 5*a = -795, -4*a = 15*q - 13*q - 312. List the prime factors of q.
2, 79
Suppose -j = -c + 3471, -2*c - 2*j + 9*j = -6937. List the prime factors of c.
2, 7, 31
Suppose 4*a = b - 214, 2*a - 433 = -2*b + 5*a. What are the prime factors of b?
2, 109
Let d(m) = -m**3 - 24*m**2 - 46*m - 37. List the prime factors of d(-22).
7
Let p = -9 - -10. Suppose -p = -t + 2. List the prime factors of -1*t/(3/(-3)).
3
Let p = 765 + -545. Suppose -w = 4*w - p. List the prime factors of w.
2, 11
Let z(r) = r**2 + 13*r + 5. Let x be z(-13). Let v be (2/4)/((-4)/24). Let s = v + x. List the prime factors of s.
2
Let p(q) = -12*q - 11*q - 18*q + 146*q**2 + 21 - 144*q**2. What are the prime factors of p(22)?
3, 29
Suppose t = 2*t - s - 56, 0 = t - 5*s - 76. Let z = -26 - -14. Let a = t + z. What are the prime factors of a?
3, 13
Let u = 1 - -14. Let z = u + -12. Suppose -z = -x + m + 3*m, 5*x = 4*m + 15. What are the prime factors of x?
3
Suppose -44709 + 17367 = -21*v. List the prime factors of v.
2, 3, 7, 31
Suppose -9*r = -6*r - 15. Suppose 0 = 3*j + r*n - 153, 0 = -j - j + n + 89. List the prime factors of j.
2, 23
Let i(y) = -y**3 + y**2 + 2*y. Let o be i(2). Suppose o = -5*h + 3*u + 545, 5*h - 351 = 2*h - 3*u. What are the prime factors of h?
2, 7
Let d be (-5)/10 - 2/(-4). Suppose d = -3*m - 2*m - 15. List the prime factors of m/9 - 61/(-3).
2, 5
Let t(r) be the third derivative of -3*r**6/40 + r**5/20 + r**4/8 + r**3/3 - 21*r**2. What are the prime factors of t(-2)?
2, 5
Suppose 5*t + 1533 = 2*o, -2*o - 3*t + 950 + 607 = 0. Suppose 3*d = q + o, 0 = 5*d - 0*q - q - 1288. List the prime factors of d.
257
Let p be (-3)/(-10 + 1) - 44/6. Let k = p + 76. List the prime factors of k.
3, 23
Suppose 5*o = -2*o. Suppose 3*m + 4*u - 106 = o, -4*u - 101 = -3*m - 3*u. List the prime factors of m.
2, 17
Let y(d) be the second derivative of d**3/3 + 4*d. Let h be y(2). Suppose 5*x - h*x = 28. What are the prime factors of x?
2, 7
Suppose 3*q - 4*u = 5950 + 2499, -8421 = -3*q - 3*u. List the prime factors of q.
3, 937
Suppose 0 = 2*p - 3*y + 132, -3*p + 4*y = -p + 128. Let s = p - -138. What are the prime factors of s?
2, 3, 11
What are the prime factors of 1*98 - (1 + (-8 - -10))?
5, 19
List the prime factors of 4/(-12)*2 + 4335/9.
13, 37
Let o = -118 + 72. Let b = -24 - o. List the prime factors of b.
2, 11
Suppose -3*u = 2*u + 35. Let k = -17 + u. Let j = k - -84. What are the prime factors of j?
2, 3, 5
Suppose 3*x - 654 = -3*z, x + x + 634 = 3*z. What are the prime factors of z?
2, 107
Let o = 5 - 1. Suppose -3*d = -5*k + 59 + 35, o*d - 68 = -3*k. What are the prime factors of k?
2, 5
Let v(j) = 146*j - 5. Let s(y) = 73*y - 3. Let l(b) = 7*s(b) - 4*v(b). Let a be l(-1). List the prime factors of 160/9 + 16/a.
2, 3
Let p(u) = -2477*u - 51. What are the prime factors of p(-2)?
4903
Let j(t) = -t**3 + 10*t**2 - 9*t + 31. Let p be j(7). Let s = p + 212. What are the prime factors of s?
3, 109
Let p(r) = -r**2 - 15*r + 39. Let u be p(-17). Suppose -u*h + 6*h = 57. List the prime factors of h.
3, 19
Suppose 2*b - 10 - 10 = 0. Suppose 12*p - 10*p + b = 0. List the prime factors of (-1)/p - (-19)/5.
2
What are the prime factors of (-4)/6 + 1005*(-4)/(-9)?
2, 223
Suppose 0 = -5*z - 3*x + 5644, 14*z - 4518 = 10*z - x. List the prime factors of z.
2, 5, 113
Let z(n) = -33*n + 25. Let c(o) = 132*o - 101. Let g(j) = -2*c(j) - 9*z(j). What are the prime factors of g(3)?
2, 19
Let f(g) = 4*g**3 + 8*g**2 + 20*g + 3. What are the prime factors of f(5)?
11, 73
Suppose 0 = -4*r + r. Suppose -4*t + 3*t + 20 = r. Suppose -t = -4*z - 4. What are the prime factors of z?
2
Suppose 2*i = -i + 9. Suppose -a + 5 = 0, -2*k + i*a + 9 = -2*a. Suppose -2*y - h = y - 31, k = y + 2*h. List the prime factors of y.
3
Let j(i) = -i**3 + 5*i**2 - 5*i - 3. Let a be j(5). Let d(c) = -5*c**2 + 2*c + 9. Let h be d(4). Let y = a - h. What are the prime factors of y?
5, 7
Let o(p) = 7*p. Let m be o(16). What are the prime factors of ((-19)/(-4))/(2/m)?
2, 7, 19
Suppose a = 3*a + 8. Let s = 1272 - 1345. Let w = a - s. What are the prime factors of w?
3, 23
Let b = -1089 - -2039. List the prime factors of b.
2, 5, 19
Let x(i) 